2. What is the highest common factor of i and d?
3
Suppose -2*c + 0*c + 264 = 0. What is the greatest common factor of 12 and c?
12
Let p(b) = 7*b**3. Let d = 16 + -15. Let x be p(d). Let j = 14 - -7. Calculate the greatest common factor of j and x.
7
Let g(i) = i**2 - 25*i + 4. Let o be g(25). Calculate the greatest common divisor of 16 and o.
4
Suppose 87 = -10*t + 13*t. What is the highest common divisor of t and 319?
29
Suppose -3*q + 333 = r, q = -0*q + 3*r + 101. Calculate the greatest common factor of 22 and q.
22
Let u = -129 - -131. What is the greatest common divisor of 2 and u?
2
Let g be 416/10 + 2/5. Suppose 0*y - g = -y. Calculate the highest common factor of y and 21.
21
Let n(x) = -x**2 + 4*x - 2. Let v be n(3). Calculate the greatest common divisor of v and 7.
1
Suppose -60 = 11*w - 16*w. Calculate the highest common divisor of 16 and w.
4
Suppose -i + 2 + 19 = 0. What is the greatest common factor of 84 and i?
21
Suppose 0 = -11*o + 8*o. Let r(j) = -j**2 + 60. Let u be r(o). Let l = 41 - 21. What is the greatest common divisor of u and l?
20
Let z be 0 - 4/1 - -59. What is the highest common divisor of z and 11?
11
Let w = -616 + 412. Let s = w + 312. Suppose 5*b = q + s, 2*b + q + 42 = 4*b. What is the greatest common factor of b and 242?
22
Let m(s) = 12*s + 1. Let c be m(2). Let j = c - 10. What is the highest common divisor of j and 5?
5
Let w(h) = h**2 - 4*h + 3. Let g be w(8). Let v(i) = 2*i**2 - 2*i + 1. Suppose -y + 10 = 4*y. Let c be v(y). Calculate the greatest common factor of c and g.
5
Suppose -146 - 124 = -5*f. What is the highest common factor of 18 and f?
18
Let x(f) = f - 4. Let y be x(7). Suppose y*h = 4*h + 10. Let j be (-4)/h - 48/(-5). Calculate the highest common factor of 110 and j.
10
Let f(r) = -r**3 + 14*r**2 + 16*r + 2. Let d be f(15). Calculate the highest common divisor of d and 17.
17
Suppose -4*u - 608 = -2*a, -2*a + 5*u = -3*a + 332. What is the greatest common divisor of a and 39?
39
Let x be 245 - (-2 + 1 - 0). Let d = 30 + x. Suppose 2*w - 5*v + 96 - d = 0, 0 = 5*v. Calculate the highest common divisor of w and 10.
10
Let a = -9 - -22. Let z(v) = -v + 52. Let s be z(0). Calculate the greatest common factor of s and a.
13
Let o = 15 + 21. What is the greatest common divisor of o and 12?
12
Let w(o) = -18*o - 30. Let g be w(-20). Calculate the greatest common divisor of 30 and g.
30
Suppose -o - n - 2*n = 20, -4*o - n - 36 = 0. Let q be (-3)/(-4) + (-2)/o. Let v be -2 - ((-2)/1 + -1). What is the highest common factor of q and v?
1
Let b(x) = -2*x**3 + 3*x**2. Let s be b(-3). What is the greatest common factor of s and 27?
27
Suppose 30 = 4*j - 66. What is the highest common divisor of j and 48?
24
Suppose -5*n - 5*i = -100, -2*n + 4*i = -0*i - 58. Let v = n + 33. Calculate the highest common factor of v and 8.
8
Let g(i) = -11*i - 19. Let u be g(-13). What is the greatest common divisor of u and 93?
31
Let q be (-21192)/(-20) - 4/(-10). Let s be (-1)/2 + q/8. What is the greatest common factor of 12 and s?
12
Suppose -2*b - b - 3*k = -42, 0 = 4*k - 16. Let s = 228 - 218. Calculate the highest common factor of s and b.
10
Let u(x) be the second derivative of 11*x**3/2 - x**2/2 - x. Let r(i) = i + 10. Let k be r(-9). Let b be u(k). What is the highest common factor of 4 and b?
4
Let n = 15 + -11. Let l = 24 + n. Calculate the highest common factor of 42 and l.
14
Let i be 5 + 3 + (-3 - -7). Calculate the highest common factor of i and 78.
6
Suppose 4*b - 198 = b. Let t(s) = -2*s - 1. Let o be t(4). Let f = o + 15. Calculate the greatest common divisor of b and f.
6
Let i(f) = -8*f**2 + 7 - 7*f + 0*f**3 - f**3 - 1. Let k be i(-7). Suppose 0 = -5*j + 44 + 31. Calculate the highest common divisor of k and j.
3
Suppose -50 - 10 = -10*f. Suppose 2*v = -2*a + 66, -3*v - 51 = -5*a + 3*a. Calculate the highest common factor of f and a.
6
Suppose -6*x = -68 - 1054. What is the highest common divisor of 17 and x?
17
Suppose -i = 3*i - 104. Let p = -38 + 77. Calculate the highest common divisor of p and i.
13
Let f(g) = -g**2 + 6*g + 3. Let w be f(7). Let k = w + 4. Suppose k = -2*v - 4*r - 0*r + 362, v = -4*r + 175. Calculate the highest common factor of 17 and v.
17
Suppose 2*c + 42 = -c. Let i be ((-96)/c)/(-4)*-7. What is the highest common divisor of 12 and i?
12
Suppose -2*z + 7*z = 120. What is the highest common factor of 12 and z?
12
Let y(w) = -6*w + 13. Let v be y(-7). Calculate the greatest common divisor of v and 5.
5
Let l = 19 - -2. Let f = 25 - 39. Let s be 1*f/(-2 + 1). Calculate the greatest common factor of s and l.
7
Let c = 19 - 11. Calculate the greatest common divisor of c and 56.
8
Let j be 2*(-19)/(1 - 0). Let b = j - -73. Suppose -5*l + 25 = -b. Calculate the greatest common factor of l and 48.
12
Let y be ((-4)/(-6))/(3/9). Suppose -x - y*x = 45. Let d be 6/(-15) + (-681)/x. Calculate the greatest common factor of d and 5.
5
Let j be (6/9 + 0)*-3. Let o be ((-1)/j)/((-1)/164). Let f be (-4)/(-12) - o/6. What is the greatest common factor of 21 and f?
7
Let d(u) = -u**3 - 7*u**2 + 7*u - 18. Let h(z) = -z. Let b(y) = d(y) + 3*h(y). Let x be b(-8). Calculate the highest common divisor of 112 and x.
14
Let h(u) = u**3 + u**2 - 3. Let g be h(2). What is the highest common divisor of g and 45?
9
Let k = -165 - -201. Let o = 21 - 12. Calculate the highest common divisor of o and k.
9
Let k(r) = -r**2 - 7*r - 3. Let a be k(-5). What is the greatest common factor of 14 and a?
7
Suppose -2*k + 5*k + w = 200, -2*w = k - 70. Let h(q) = -q**3 - 5*q**2 - 6*q - 2. Let l be h(-4). What is the highest common factor of k and l?
6
Suppose -2*i - 5*o = -13, i + 0*i - 2*o - 2 = 0. Calculate the greatest common factor of i and 4.
4
Suppose -2*g = 2*g - 640. Calculate the highest common factor of g and 40.
40
Let r = 121 - 85. What is the greatest common divisor of 4 and r?
4
Let u = -222 - -105. Let d be -8*-9*(-2)/8. Let i = d - u. Calculate the highest common factor of 11 and i.
11
Let w = 7 + 32. Calculate the greatest common divisor of 13 and w.
13
Suppose 3*v - v = 14. Let x = -17 - -6. Let u = v - x. Calculate the greatest common divisor of u and 198.
18
Suppose 0 = -4*u + 12*u - 112. What is the highest common factor of u and 14?
14
Let s(g) = 41*g - 7. Let w be s(5). Calculate the highest common factor of w and 18.
18
Suppose -2*p + 72 = 24. Suppose -4*r = -0*a - a - 141, 5*a = -5*r + 195. What is the highest common factor of p and r?
12
Let f = 28 + -8. Let a be 0 + 183 + 0 + -3. Calculate the greatest common divisor of a and f.
20
Let m be 0/1 - (-8)/4. Calculate the highest common factor of m and 10.
2
Suppose -130 = -2*i - 5*a, 5*i - 5*a = 4*i + 50. What is the highest common factor of 20 and i?
20
Let n(w) = 20*w - 6. Let r be n(1). Let p = 144 - 63. Suppose -4*d = 5*b - 87, 2*d + 2*b - p = 7*b. What is the highest common factor of d and r?
14
Let z(v) = -v**3 + 4*v**2 + 6*v + 6. Let x be z(5). Let n be (-62)/155 + (-114)/(-10). What is the highest common divisor of n and x?
11
Let p be ((-127)/2 - -3)*(0 - 2). What is the highest common divisor of p and 11?
11
Let s = -243 + 507. What is the greatest common factor of s and 24?
24
Let p = -25 + 32. Let z = -9 - -13. Let y be 9 - z*2/4. Calculate the greatest common divisor of p and y.
7
Let n(t) = t**2 + 5*t - 17. Let x be n(5). What is the highest common divisor of x and 11?
11
Let h be (42/(-15))/((-2)/60). Calculate the greatest common divisor of 12 and h.
12
Let u be -10*(12/(-20) - 1). Let q = 29 - u. Calculate the greatest common divisor of q and 52.
13
Suppose -4*w + 3 = -9. Let v be 10 - (0/w)/(-1). What is the highest common divisor of 5 and v?
5
Let o(b) = 7*b**2 - 2*b + 3. Let g be o(5). What is the greatest common divisor of g and 24?
24
Let b be 4 - -1*(3 - 2). Let m = b - 1. Suppose 70 = y + m*y. Calculate the highest common factor of 21 and y.
7
Let s(x) = -2*x + 10. Let a be s(0). Let p be (-23)/(-5) - 4/(-10). Calculate the highest common divisor of a and p.
5
Let f = -7 - -10. Suppose -m = f*m - 48. Calculate the greatest common divisor of m and 12.
12
Suppose -142 = -5*d + 278. Suppose m = 3*b + 15, -3*m = -4*b - 21 - 19. What is the highest common factor of d and m?
12
Suppose 0 = 4*m + 12, 0 = t - 2*m - 3*m - 18